{"id":536,"date":"2014-09-11T11:26:02","date_gmt":"2014-09-11T11:26:02","guid":{"rendered":"http:\/\/ebooks-creddm.org\/?post_type=product&#038;p=536"},"modified":"2019-09-18T10:23:29","modified_gmt":"2019-09-18T10:23:29","slug":"colecta%cc%82nea-de-direito-penal-de-macau-2","status":"publish","type":"product","link":"https:\/\/ebooks-creddm.org\/?product=colecta%cc%82nea-de-direito-penal-de-macau-2","title":{"rendered":"Colecta\u0302nea de Direito Penal de Macau"},"content":{"rendered":"<p><strong>Lan\u00e7amento no dia 11 de Setembro de 2014<\/strong><br \/>\nCRED-DM, Funda\u00e7\u00e3o Rui Cunha &#8211; Avenida da Praia Grande, n.749 &#8211; R\/C, RAEM, China<br \/>\nhttp:\/\/creddm.org<\/p>\n<p>A presente Colect\u00e2nea visa dotar os alunos e quem mais possa ter interesse em estudar a disciplina de Direito Penal, com casos pr\u00e1ticos que lhes permitam praticar os ensinamentos te\u00f3ricos colhidos das obras de refer\u00eancia citadas na bibliografia, bem como com enunciados de frequ\u00eancias e de exames e respectivas propostas de resolu\u00e7\u00e3o, a fim de se prepararem para as provas finais da disciplina.<br \/>\nAnexa-se um conjunto de Jurisprud\u00eancia que visa esclarecer os destinat\u00e1rios da obra sobre algumas das quest\u00f5es mais pol\u00e9micas que v\u00e3o surgindo ao longo do estudo da disciplina, munindo-os de diversas perspectivas e modos de resolu\u00e7\u00e3o dos problemas que os apetrechar\u00e3o da habilidade para poderem tornar-se em competentes profissionais jur\u00eddicos.<\/p>\n<p><strong>T\u00edtulo<\/strong>:\u00a0Colect\u00e2nea de Direito Penal de Macau &#8211; Materiais de Apoio<\/p>\n<p><strong>Autor<\/strong>:\u00a0Teresa Lancry G. Albuquerque e Sousa Robalo<\/p>\n<p><strong>CRED-DM<\/strong>\u00a0&#8211;\u00a0<strong>Centro de Reflex\u00e3o, Estudo e Difus\u00e3o do Direito de Macau<\/strong>\u00a0&#8211;\u00a0<a title=\"Centro de Reflex\u00e3o, Estudo e Difus\u00e3o do Direito de Macau\" href=\"www.creddm.org\" target=\"_blank\">www.creddm.org<\/a><\/p>\n<p><strong>Funda\u00e7\u00e3o Rui Cunha<\/strong><\/p>\n<p><strong>Conselho de Administra\u00e7\u00e3o<\/strong>: Rui Cunha (Presidente); Rui Pedro Cunha,\u00a0Jo\u00e3o Tubal Gon\u00e7alves (vice-presidentes); Isabel Cunha, Connie Kong (vogais)<\/p>\n<p><strong>Director Executivo<\/strong>:\u00a0Filipa Guadalupe (filipa@fundacao-rc.org)<\/p>\n<p><strong>Capa e Pagina\u00e7\u00e3o<\/strong>:\u00a0FRC Global Communications Ltd, Carlos Canhita, C\u00e9lia Br\u00e1s<\/p>\n<p><strong>Telefone<\/strong>:\u00a0(853) 28923288<\/p>\n<p><strong>E-mail<\/strong>:\u00a0cred-dm@fundacao-rc.org<\/p>\n<p><strong>Correio<\/strong>:\u00a0CRED-DM \u2013 Publica\u00e7\u00f5es, Funda\u00e7\u00e3o Rui Cunha,\u00a0Avenida da Praia Grande, n\u00ba 749 \u2013 R\/C, RAEM, RPC<\/p>\n<p><strong>Sede, Administra\u00e7\u00e3o, Publicidade e Propriedade<\/strong>:\u00a0Avenida da Praia Grande, n\u00ba 749 \u2013 R\/C, RAEM, RPC<\/p>\n<p><b>\u6fb3\u9580\u5357\u7063\u5927\u99ac\u8def749\u865f<\/b><\/p>\n<p><strong>Propriedade \/ Editora<\/strong>:\u00a0Funda\u00e7\u00e3o Rui Cunha<\/p>\n<p><strong>Pre\u00e7o<\/strong>\u00a0(Macau):\u00a0MOP $200.00<\/p>\n<p><strong>Data<\/strong>: Setembro 2014<\/p>\n<p><strong>Tiragem<\/strong>: 250<\/p>\n<p><strong>ISBN<\/strong>\u00a0978-99965-954-9-3<\/p>\n","protected":false},"excerpt":{"rendered":"<div class=\"entry-summary\">\n<div class=\"entry-summary\">\nA presente Colect\u00e2nea visa dotar os alunos e quem mais possa ter interesse em estudar a disciplina de Direito Penal, com casos pr\u00e1ticos que lhes permitam praticar os ensinamentos te\u00f3ricos colhidos das obras de refer\u00eancia citadas na bibliografia, bem como com enunciados de frequ\u00eancias e de exames e respectivas propostas de resolu\u00e7\u00e3o, a fim de se prepararem para as provas finais da disciplina.<br \/>\nAnexa-se um conjunto de Jurisprud\u00eancia que visa esclarecer os destinat\u00e1rios da obra sobre algumas das quest\u00f5es mais pol\u00e9micas que v\u00e3o surgindo ao longo do estudo da disciplina, munindo-os de diversas perspectivas e modos de resolu\u00e7\u00e3o dos problemas que os apetrechar\u00e3o da habilidade para poderem tornar-se em competentes profissionais jur\u00eddicos.\n<\/div>\n<\/div>\n","protected":false},"featured_media":524,"comment_status":"open","ping_status":"closed","template":"","meta":[],"product_cat":[16,129,27,37],"product_tag":[197],"_links":{"self":[{"href":"https:\/\/ebooks-creddm.org\/index.php?rest_route=\/wp\/v2\/product\/536"}],"collection":[{"href":"https:\/\/ebooks-creddm.org\/index.php?rest_route=\/wp\/v2\/product"}],"about":[{"href":"https:\/\/ebooks-creddm.org\/index.php?rest_route=\/wp\/v2\/types\/product"}],"replies":[{"embeddable":true,"href":"https:\/\/ebooks-creddm.org\/index.php?rest_route=%2Fwp%2Fv2%2Fcomments&post=536"}],"wp:featuredmedia":[{"embeddable":true,"href":"https:\/\/ebooks-creddm.org\/index.php?rest_route=\/wp\/v2\/media\/524"}],"wp:attachment":[{"href":"https:\/\/ebooks-creddm.org\/index.php?rest_route=%2Fwp%2Fv2%2Fmedia&parent=536"}],"wp:term":[{"taxonomy":"product_cat","embeddable":true,"href":"https:\/\/ebooks-creddm.org\/index.php?rest_route=%2Fwp%2Fv2%2Fproduct_cat&post=536"},{"taxonomy":"product_tag","embeddable":true,"href":"https:\/\/ebooks-creddm.org\/index.php?rest_route=%2Fwp%2Fv2%2Fproduct_tag&post=536"}],"curies":[{"name":"wp","href":"https:\/\/api.w.org\/{rel}","templated":true}]}}

<p><strong>Lançamento no dia 11 de Setembro de 2014</strong><br />
CRED-DM, Fundação Rui Cunha &#8211; Avenida da Praia Grande, n.749 &#8211; R/C, RAEM, China<br />
http://creddm.org</p>
<p>A presente Colectânea visa dotar os alunos e quem mais possa ter interesse em estudar a disciplina de Direito Penal, com casos práticos que lhes permitam praticar os ensinamentos teóricos colhidos das obras de referência citadas na bibliografia, bem como com enunciados de frequências e de exames e respectivas propostas de resolução, a fim de se prepararem para as provas finais da disciplina.<br />
Anexa-se um conjunto de Jurisprudência que visa esclarecer os destinatários da obra sobre algumas das questões mais polémicas que vão surgindo ao longo do estudo da disciplina, munindo-os de diversas perspectivas e modos de resolução dos problemas que os apetrecharão da habilidade para poderem tornar-se em competentes profissionais jurídicos.</p>
<p><strong>Título</strong>: Colectânea de Direito Penal de Macau &#8211; Materiais de Apoio</p>
<p><strong>Autor</strong>: Teresa Lancry G. Albuquerque e Sousa Robalo</p>
<p><strong>CRED-DM</strong> &#8211; <strong>Centro de Reflexão, Estudo e Difusão do Direito de Macau</strong> &#8211; <a title="Centro de Reflexão, Estudo e Difusão do Direito de Macau" href="www.creddm.org" target="_blank">www.creddm.org</a></p>
<p><strong>Fundação Rui Cunha</strong></p>
<p><strong>Conselho de Administração</strong>: Rui Cunha (Presidente); Rui Pedro Cunha, João Tubal Gonçalves (vice-presidentes); Isabel Cunha, Connie Kong (vogais)</p>
<p><strong>Director Executivo</strong>: Filipa Guadalupe (filipa@fundacao-rc.org)</p>
<p><strong>Capa e Paginação</strong>: FRC Global Communications Ltd, Carlos Canhita, Célia Brás</p>
<p><strong>Telefone</strong>: (853) 28923288</p>
<p><strong>E-mail</strong>: cred-dm@fundacao-rc.org</p>
<p><strong>Correio</strong>: CRED-DM – Publicações, Fundação Rui Cunha, Avenida da Praia Grande, nº 749 – R/C, RAEM, RPC</p>
<p><strong>Sede, Administração, Publicidade e Propriedade</strong>: Avenida da Praia Grande, nº 749 – R/C, RAEM, RPC</p>
<p><b>澳門南灣大馬路749號</b></p>
<p><strong>Propriedade / Editora</strong>: Fundação Rui Cunha</p>
<p><strong>Preço</strong> (Macau): MOP $200.00</p>
<p><strong>Data</strong>: Setembro 2014</p>
<p><strong>Tiragem</strong>: 250</p>
<p><strong>ISBN</strong> 978-99965-954-9-3</p>

<div class="entry-summary">
<div class="entry-summary">
A presente Colectânea visa dotar os alunos e quem mais possa ter interesse em estudar a disciplina de Direito Penal, com casos práticos que lhes permitam praticar os ensinamentos teóricos colhidos das obras de referência citadas na bibliografia, bem como com enunciados de frequências e de exames e respectivas propostas de resolução, a fim de se prepararem para as provas finais da disciplina.<br />
Anexa-se um conjunto de Jurisprudência que visa esclarecer os destinatários da obra sobre algumas das questões mais polémicas que vão surgindo ao longo do estudo da disciplina, munindo-os de diversas perspectivas e modos de resolução dos problemas que os apetrecharão da habilidade para poderem tornar-se em competentes profissionais jurídicos.
</div>
</div>
